-18)?
15
What is the value of (2 + (-4 - -3) - (93 - 70)) + 6?
-16
What is the value of -1 + -12 - (-1103 - -1104)?
-14
Evaluate -3 + -3 + -7 + 5 + 7.
-1
(2 - -4) + -18 - 3
-15
28 + -10 + (-33 - -10)
-5
Evaluate 3 + (-3 - 3) - (-6 + -17) - 1.
19
Calculate -3 + (-8 + 3 - (2 - -2)).
-12
What is the value of 18 + 3 + -50 - -18?
-11
Calculate (-5 + 6 - (-9 - (-20 + -8))) + 0.
-18
6 - (8 + 2 + 4)
-8
What is the value of 2 + -2 + 4 + -27 + (7 - -31)?
15
Calculate (-2 - 11 - -11) + 7.
5
Calculate (5 - (14 - 7)) + 5 - (0 - 1).
4
Calculate -1 + (-8 - -5) + -4 - 4.
-12
Calculate (-31 - -39) + (3 - 3 - 4).
4
What is 12 - (5 - (-7 + 4) - 15)?
19
Evaluate 1 + 17 - (5 - (0 - 3)).
10
What is -21 - -12 - -19 - 10?
0
What is the value of 4 - (-3 + 2 + 6 - 8)?
7
Calculate 4 - 2 - -13 - (-367 - -370).
12
What is the value of 6 + -1 + -7 + -13 + 25?
10
Calculate (-355 - -384) + (-1 - 13).
15
What is the value of 0 - 0 - (-30 + (18 - 3))?
15
What is (-1 - -3 - (3 - (-1 + 8))) + -20?
-14
Evaluate 11 - (4 + 14) - (1 - 1).
-7
Evaluate 5 + (4 + 0 - (30 - 6 - -2)).
-17
What is 13 + (-2 - -2) + 18 - -6?
37
-30 - -39 - (-5 + 8)
6
2 - (7 - (-3 + -4))
-12
Calculate -8 + (-8 - (-2 + (-6 - -4) - 1)).
-11
12 + 3 + -22 + 6
-1
Calculate 17 + -10 + (-1 - 12) + 11.
5
Evaluate 6 + ((-8 - -11) + 6 - 9).
6
Evaluate (-15 - -30) + -9 + -18.
-12
Calculate 0 + 64 + -44 + (-6 - -1).
15
What is -20 + (2 - (4 - 6)) + (0 - 5)?
-21
Evaluate -112 + 83 + 8 + 2.
-19
What is (-2048 - -2007) + (1 - -23)?
-17
What is 14 + 6 + (-16 - (4 - 17))?
17
What is -73 - -72 - (-11 + 32)?
-22
Evaluate 0 + 1 + (7 - (11 + -1)).
-2
What is (8 - 5 - -11) + (-12 - -12)?
14
What is 2 - 1 - (-4 - (17 - 14))?
8
What is (-1026 - -1023) + 5 + 0 + 0?
2
Calculate (-6 - (7 + -22)) + 3 + -1.
11
Calculate 6 - 7 - (-28 - 15 - (0 + -9)).
33
Evaluate (-10 + 5 - (7 + -33)) + -9.
12
-8 + -25 + 31 + -23
-25
12 - (-9 + 7) - 19
-5
Evaluate -24 - (-8 + (-18 - -11)).
-9
Evaluate 27 + -29 + -6 - (-6 + 0 + 0).
-2
(0 - -13) + (8 - -6) + -14
13
-4 - (-24 + (14 - 6 - -4))
8
What is the value of -1 - (-30 - (-26 - -22))?
25
Calculate (6 - 6) + (3 - (-4 + -2 + 6)).
3
Evaluate -1 - 11 - (7 - (17 - 14)).
-16
What is 960 + -966 + 27 + (0 - 1)?
20
17 + -21 + 11 + (12 - 1)
18
What is 21 + (44 - 41) - 37?
-13
7 + (-11 - -13) + -2
7
Evaluate (-11 - (-6 + -11)) + (-1 - -7).
12
Evaluate (12 - 1) + (-53 - -47) + -8.
-3
Evaluate -5 - (-16 - (-3 + -6 + 2)).
4
Calculate -9 - ((-1 - -2) + -60 + 57).
-7
What is the value of 5 + (6 - 16) + 3 + -2 + 13?
9
Calculate 38 + -32 + (-10 - -1) - -7.
4
3 + -1 + (-31 - (13 - (-17 - -32)))
-27
What is the value of 155 - 149 - (1 + (-2 - -1))?
6
What is the value of -5 + (3 - -5) + 14 - 4?
13
Evaluate 1 + (2 - (-13 + 3 + 1 + 5)).
7
What is the value of (60 - (3 + 9)) + -17?
31
What is the value of (5 - 1 - 3) + 0 - 8?
-7
What is the value of (-44 - -1 - -5) + -3?
-41
What is 0 - ((-6 - -25) + -12)?
-7
8 - (5 - (12 + 6) - -6 - -15)
0
(1 - 14) + 30 + -13 + -9 - -21
16
Evaluate -5 + (-46 - -28) - -18.
-5
Evaluate 11 - (-19 - (-21 - -18)).
27
Calculate 5 + (15 - (-32 - -29 - (0 - 7))).
16
Calculate (20 + 11 + -10 - -3 - 12) + 13.
25
-7 + 4 + -2 + 0
-5
1 - (-2 - (14 - 16))
1
What is 2 + (-2 - 1 - -3) - (-14 + 25)?
-9
What is (12 - (0 - (-50 - (-2 - -8)))) + 12?
-32
What is the value of 0 + 8 - (13 - 0) - 7?
-12
Evaluate -48 - (8 + 12) - -37.
-31
(9 - -2) + 49 + -54 - 12
-6
Evaluate 213 - 240 - (2 - 15) - 4.
-18
Calculate -8 + (-4 - (-5 - -19)) + 3.
-23
What is the value of 7 + 4 + -15 - (1 - -3)?
-8
Calculate -46 + (-77 - -39 - -63).
-21
What is 0 - (-1 - -7) - (-21 + 8)?
7
Calculate 11 - ((-8 - 0) + 14 + -10).
15
What is the value of -19 - (0 + (-21 - -2))?
0
4 + 5 + -15 + (0 + -1 - -4)
-3
What is (-6 - 2) + (-828 - -853)?
17
-1 - -10 - (52 - 58) - 7
8
Evaluate 4 - 6 - (-4 - (4 - 0)).
6
Evaluate -2 + 8 + -17 + (0 - -5).
-6
Evaluate 24 + (-51 - -21) + -1 + 4 + -16.
-19
What is 66 - 50 - (10 - (-3 - -2))?
5
Calculate 10 - 0 - 20 - -1.
-9
What is the value of 25 + (-1 + 7 - (-184 + 197))?
18
Calculate (-48 - (-25 - 2)) + (2 - 0) + 8.
-11
What is -19 + (7 - (-15 + -1 - -38))?
-34
(5 - 1) + (6 + -5 - (0 - 4))
9
12 - 8 - -18 - 7
15
Calculate (-14 - -19 - -11) + (-5 - -1).
12
What is the value of -9 + (-6 - (-4 - 1)) - 4?
-14
16 - ((4 - 15) + 13)
14
Calculate -32 - (-16 - (-23 - -29)).
-10
Evaluate 0 + (-38 - -45) + -3 + -9 + 3.
-2
What is -3 + (27 - 14) + -2?
8
What is -30 + -1 - (9 - 10)?
-30
Evaluate 269 + -272 - ((0 - 0) + -1).
-2
Evaluate 1 + 1 - -2 - (15 + (-30 - -15)).
4
What is (46 - 18) + -17 - 13?
-2
5 - ((3 - 1) + -1 + 4) - -4
4
-1 + -2 + 10 - (-25 + 31)
1
6 + -4 + (-21 - -28)
9
What is -29 + -17 + 25 - -40?
19
Evaluate (20 + -7 - 3) + -18.
-8
Evaluate -77 - -68 - 16 - (3 - 0).
-28
Evaluate -2 + 12 + (-7 - (-6 - -8)).
1
Evaluate 3 - 6 - (68 - 80).
9
Calculate -33 + 28 + -1 + 2.
-4
-1 + 6 + (6 - -4) + -7
8
4 - (6 + -5 - 1) - -9 - 4
9
What is the value of (-2 - 41) + (19 + -5 + -9 - -2)?
-36
What is -7 + 9 - (14 - 6)?
-6
Calculate -30 + 34 - 8 - (0 + -17).
13
0 - (-3 - (-9 - -8))
2
(39 - 1) + 14 + (11 - 4 - 30)
29
What is the value of -2 - 3 - -10 - (0 + -2 - -3)?
4
Calculate 0 - -17 - (273 - 255).
-1
What is 6 - (15 + -40 + 11)?
20
Evaluate 5 - (-5 + 11 + -7 - -1) - 2.
3
Evaluate (25 - 35) + 9 + -2 + 9.
6
Evaluate (-4 - (5 + 4 + -13)) + (16 - 2).
14
Evaluate 1 + 26 - (-52 - (-45 + -14)).
20
Evaluate -7 + -4 + -4 + (0 - -16).
1
What is the value of 7 - (13 + -18 - (2 - 23))?
-9
-4 + -13 - (-92 + 87)
-12
(-15 - -12) + -3 + 17
11
What is the value of (198 - 178) + 7 + -4 + (2 - 4)?
21
What is (-4 + 21 - 8) + (-1 + -4 - 0)?
4
1 - -17 - (109 + -107)
16
What is -22 - (-54 - (-21 + 14))?
25
What is the value of -9 + -1 - (6 - 6 - 3)?
-7
What is 4 + (-2 + 10 - 29)?
-17
What is the value of -7 - -19 - (-2 + -21)?
35
Calculate -23 - -32 - 5 - 23.
-19
(4 - (-2 - 1 - -5)) + (-319 - -320)
3
Evaluate -3 - (-6 + -6 - -16).
-7
Evaluate (-83 - -71) + (2 - 0) + -2.
-12
What is the value of (-1 - (2 + -14)) + -23 + 80 + -44?
24
What is (-13 - (-7 - 6 - -12)) + 13?
1
What is the value of -2 + -17 + -63 + 72?
-10
Evaluate 7 + 7 - (6 + -4 + 0).
12
What is (6 - (-4 + 20)) + 29?
19
What is -16 - (21 - (-3 - 0 - -2 - -12))?
-26
What is -8 - (-25 + 25 + 11)?
-19
What is the value of -15 + (-3 - (21 - 13)) - (-3 - 1)?
-22
Evaluate (10 - (13 + -29)) + (1 - 3 - 6).
18
Calculate 0 - 16 - (-130 + 105) - (17 - -1).
-9
What is 15 + (5 + (7 - 11) - (11 + -2))?
7
Evaluate 6 + (2 + 1 - (-84 + 86)) - 3.
4
3 - -8 - (-4 + 4 + -9 + 11)
9
What is 13 - (4 - -6) - 3 - -9?
9
Calculate 6 + (7 - (5 + 4 + -18 + -4)).
26
What is the value of 29 - (14 - -9) - (9 + 1 + 1)?
-5
Calculate -2 + (15 - 34) + -3 + 1 - -3.
-20
Evaluate (30 - -1) + (-26 - -8 - (-52 + 43)).
22
298 - 296 - (2 - -17)
-17
What is 2 + 16 + -31 - (12 - -2)?
-27
What is the value of (-16 - (12 - (-4 + 31))) + 12?
11
What is the value of -18 - (-3 + -13 + -1)?
-1
Evaluate 11 + 4 + (3 + -26 - -8).
0
(24 - (60 - 37)) + (1 - 3) + 19
18
Evaluate (12 - (-2 - (-4 + -7))) + 7.
10
Evaluate -9 + -5 + 0 + (3 - (2 + 0)).
-13
Calculate 26 + (6 - 9 - (3 - (1 - 5))).
16
-23 + -24 + 26 - -39
18
Evaluate (-44 - -35) + (-20 - (5 - 10)).
-24
(-1 - ((10 - (4 - -8)) + 1)) + 11
11
1 + -6 + (-23 - -47 - 15)
4
(43 - (22 + -4)) + -41
-16
Calculate 17 + (1 - 18) + (3 - 27) + 3.
-21
Evaluate (-4 - (-2 - 3)) + (-7 - -25 - -1).
20
Evaluate 2 - -7 - (4 + 0 - (0 - -1)).
6
What is -12 - (1 + (7 - 19 - -7))?
-8
(1 - (34 - 0)) + (-102 - -108)
-27
-10 + (-1 - -7) - 3 - (-2 + 1)
-6
Calculate (-7 - -6) + -9 + 25.
15
Evaluate -17 + 35 + 26 + -66.
-22
Evaluate (-1324 - -1324) + (0 - 2) + -31.
-33
What is the value of -1 + 1 + -1 - (-360 - -356)?
3
(4 - -9) + (88 - 110)
-9
Calculate 4 + -14 + (-2 - -1).
-11
What is 2 - -1 - ((-17 - -6) + 4)?
10
What is 2 + -7 + -4 + 0 + 13?
4
0 + -4 + 4 - (-21 - -10)
11
What is -23 + 4 + 0 + 1?
-18
What is the value of (-4 - -1) + (-12 - 0 - -29)?
14
What is the value of -8 + (-27 - -25 - (2 - (-4 - -3)))?
-13
11 + (27 - 24) + (0 - 18)
-4
What is the value of 2 + 1 - (10 - (-7 + 6 - -19))?
11
Evaluate 27 - (-42 + (14 - -21) + 0 + 7).
27
What is the value of -4 + -1 + -20 + (17 - 3) + 4?
-7
-2 - -8 - 1 - (-22 + -20 + 22)
25
-9 - (-5 + 16 + (2 - 1 - -3))
-24
21 + (2 - -10) + (-56 - -34) + 0
11
What is 